{"id":2,"date":"2020-12-06T22:28:36","date_gmt":"2020-12-06T21:28:36","guid":{"rendered":"https:\/\/fermedelabouvrais.herbesfolles.org\/?page_id=2"},"modified":"2021-05-24T22:02:15","modified_gmt":"2021-05-24T20:02:15","slug":"page-d-exemple","status":"publish","type":"page","link":"https:\/\/fermedelabouvrais.herbesfolles.org\/?page_id=2","title":{"rendered":"GFA Solidaire de la Bouvrais"},"content":{"rendered":"\n<p>La ferme de la Bouvrais est un projet collectif. Parce que nous sommes un collectif paysan, mais aussi parce que les terres de la ferme ont \u00e9t\u00e9 achet\u00e9es collectivement par le biais d\u2019un GFA.<\/p>\n\n\n\n<p>Le GFA, c\u2019est un <strong>Groupement Foncier Agricole<\/strong>&nbsp;: actuellement plus de cent personnes sont associ\u00e9es au projet et en quelque sorte \u00ab&nbsp;co-propri\u00e9taire&nbsp;\u00bb des terres par le biais de la structure.<\/p>\n\n\n\n<p>Ce GFA a \u00e9t\u00e9 constitu\u00e9 pour plusieurs raisons&nbsp;: d\u2019une part pour <strong>nous aider \u00e0 financer notre projet<\/strong> et \u00e0 acheter les terres de la ferme sans que nous ayons besoin de nous endetter aupr\u00e8s d\u2019une banque.<\/p>\n\n\n\n<p>Mais aussi, l\u2019id\u00e9e \u00e9tait d\u2019impliquer beaucoup d\u2019autres personnes dans ce projet afin de cr\u00e9er une <strong>r\u00e9flexion et une action partag\u00e9e sur les questions fonci\u00e8res et agricoles.<\/strong> Cette propri\u00e9t\u00e9 collective permet aussi de <strong>prot\u00e9ger durablement les terres de la sp\u00e9culation immobili\u00e8re<\/strong>, en s\u2019assurant, du fait du nombre d\u2019associ\u00e9s, qu\u2019elles ne pourront pas \u00eatre revendues.<\/p>\n\n\n\n<p>Les associ\u00e9.e.s du GFA se r\u00e9unissent une fois par an lors d\u2019une AG qui permet de prendre les d\u00e9cisions en tant que propri\u00e9taire. C\u2019est aussi l\u2019occasion de se retrouver et de faire un peu le point sur l\u2019ann\u00e9e \u00e9coul\u00e9e.<\/p>\n\n\n\n<p>La gestion quotidienne, administrative notamment est port\u00e9e par les g\u00e9rant.e.s de la soci\u00e9t\u00e9.<\/p>\n\n\n\n<p><em>Si la question de l\u2019achat collectif vous int\u00e9resse et que vous souhaitez avoir plus d\u2019infos, nous sommes pr\u00eat.e.s \u00e0 partager nos exp\u00e9riences.<\/em><\/p>\n\n\n\n<p><\/p>\n\n\n\n<figure class=\"wp-block-gallery columns-2 is-cropped wp-block-gallery-1 is-layout-flex wp-block-gallery-is-layout-flex\"><ul class=\"blocks-gallery-grid\"><li class=\"blocks-gallery-item\"><figure><img loading=\"lazy\" decoding=\"async\" width=\"1024\" height=\"683\" src=\"https:\/\/fermedelabouvrais.herbesfolles.org\/wp-content\/uploads\/2021\/02\/photo-ag-1024x683.jpg\" alt=\"\" data-id=\"266\" data-link=\"https:\/\/fermedelabouvrais.herbesfolles.org\/?attachment_id=266\" class=\"wp-image-266\" srcset=\"https:\/\/fermedelabouvrais.herbesfolles.org\/wp-content\/uploads\/2021\/02\/photo-ag-1024x683.jpg 1024w, https:\/\/fermedelabouvrais.herbesfolles.org\/wp-content\/uploads\/2021\/02\/photo-ag-300x200.jpg 300w, https:\/\/fermedelabouvrais.herbesfolles.org\/wp-content\/uploads\/2021\/02\/photo-ag-768x512.jpg 768w, https:\/\/fermedelabouvrais.herbesfolles.org\/wp-content\/uploads\/2021\/02\/photo-ag-1536x1024.jpg 1536w, https:\/\/fermedelabouvrais.herbesfolles.org\/wp-content\/uploads\/2021\/02\/photo-ag-2048x1365.jpg 2048w\" sizes=\"auto, (max-width: 1024px) 100vw, 1024px\" \/><\/figure><\/li><li class=\"blocks-gallery-item\"><figure><img loading=\"lazy\" decoding=\"async\" width=\"1024\" height=\"683\" src=\"https:\/\/fermedelabouvrais.herbesfolles.org\/wp-content\/uploads\/2021\/02\/ag-fete-1024x683.jpg\" alt=\"\" data-id=\"267\" data-full-url=\"https:\/\/fermedelabouvrais.herbesfolles.org\/wp-content\/uploads\/2021\/02\/ag-fete-scaled.jpg\" data-link=\"https:\/\/fermedelabouvrais.herbesfolles.org\/?attachment_id=267\" class=\"wp-image-267\" srcset=\"https:\/\/fermedelabouvrais.herbesfolles.org\/wp-content\/uploads\/2021\/02\/ag-fete-1024x683.jpg 1024w, https:\/\/fermedelabouvrais.herbesfolles.org\/wp-content\/uploads\/2021\/02\/ag-fete-300x200.jpg 300w, https:\/\/fermedelabouvrais.herbesfolles.org\/wp-content\/uploads\/2021\/02\/ag-fete-768x512.jpg 768w, https:\/\/fermedelabouvrais.herbesfolles.org\/wp-content\/uploads\/2021\/02\/ag-fete-1536x1024.jpg 1536w, https:\/\/fermedelabouvrais.herbesfolles.org\/wp-content\/uploads\/2021\/02\/ag-fete-2048x1365.jpg 2048w\" sizes=\"auto, (max-width: 1024px) 100vw, 1024px\" \/><\/figure><\/li><\/ul><\/figure>\n","protected":false},"excerpt":{"rendered":"<p>La ferme de la Bouvrais est un projet collectif. Parce que nous sommes un collectif paysan, mais aussi parce que les terres de la ferme ont \u00e9t\u00e9 achet\u00e9es collectivement par le biais d\u2019un GFA. Le GFA, c\u2019est un Groupement Foncier Agricole&nbsp;: actuellement plus de cent &hellip; <\/p>\n","protected":false},"author":1,"featured_media":266,"parent":0,"menu_order":0,"comment_status":"closed","ping_status":"open","template":"","meta":{"footnotes":""},"class_list":["post-2","page","type-page","status-publish","has-post-thumbnail","hentry"],"_links":{"self":[{"href":"https:\/\/fermedelabouvrais.herbesfolles.org\/index.php?rest_route=\/wp\/v2\/pages\/2","targetHints":{"allow":["GET"]}}],"collection":[{"href":"https:\/\/fermedelabouvrais.herbesfolles.org\/index.php?rest_route=\/wp\/v2\/pages"}],"about":[{"href":"https:\/\/fermedelabouvrais.herbesfolles.org\/index.php?rest_route=\/wp\/v2\/types\/page"}],"author":[{"embeddable":true,"href":"https:\/\/fermedelabouvrais.herbesfolles.org\/index.php?rest_route=\/wp\/v2\/users\/1"}],"replies":[{"embeddable":true,"href":"https:\/\/fermedelabouvrais.herbesfolles.org\/index.php?rest_route=%2Fwp%2Fv2%2Fcomments&post=2"}],"version-history":[{"count":6,"href":"https:\/\/fermedelabouvrais.herbesfolles.org\/index.php?rest_route=\/wp\/v2\/pages\/2\/revisions"}],"predecessor-version":[{"id":438,"href":"https:\/\/fermedelabouvrais.herbesfolles.org\/index.php?rest_route=\/wp\/v2\/pages\/2\/revisions\/438"}],"wp:featuredmedia":[{"embeddable":true,"href":"https:\/\/fermedelabouvrais.herbesfolles.org\/index.php?rest_route=\/wp\/v2\/media\/266"}],"wp:attachment":[{"href":"https:\/\/fermedelabouvrais.herbesfolles.org\/index.php?rest_route=%2Fwp%2Fv2%2Fmedia&parent=2"}],"curies":[{"name":"wp","href":"https:\/\/api.w.org\/{rel}","templated":true}]}}